isor of 3648 and 160.
32
What is the highest common divisor of 361 and 171?
19
Calculate the greatest common divisor of 67 and 134.
67
Calculate the highest common factor of 495 and 22473.
99
Calculate the greatest common factor of 1235 and 95.
95
Calculate the highest common divisor of 100 and 25.
25
Calculate the highest common divisor of 4738 and 46.
46
Calculate the greatest common factor of 7995 and 123.
123
What is the greatest common factor of 84 and 3584?
28
Calculate the greatest common factor of 480 and 72.
24
Calculate the highest common divisor of 12 and 3516.
12
Calculate the highest common factor of 29 and 2059.
29
Calculate the greatest common factor of 1071 and 3.
3
What is the greatest common factor of 2622 and 138?
138
Calculate the highest common factor of 18 and 1791.
9
What is the highest common divisor of 165 and 55?
55
Calculate the highest common divisor of 644 and 28.
28
What is the highest common factor of 10 and 40?
10
Calculate the greatest common factor of 7123 and 68.
17
What is the highest common divisor of 319 and 29?
29
Calculate the highest common factor of 475 and 425.
25
Calculate the greatest common factor of 408 and 12.
12
What is the greatest common factor of 7820 and 23?
23
Calculate the highest common divisor of 10090 and 20.
10
Calculate the highest common factor of 678 and 16724.
226
What is the highest common factor of 108 and 3618?
54
What is the highest common factor of 3 and 267?
3
What is the highest common factor of 2 and 226?
2
Calculate the greatest common factor of 561 and 33.
33
Calculate the highest common divisor of 76 and 108.
4
Calculate the highest common factor of 15 and 65.
5
Calculate the greatest common divisor of 2669 and 136.
17
Calculate the greatest common factor of 67 and 469.
67
What is the greatest common factor of 13 and 533?
13
What is the greatest common factor of 25 and 325?
25
Calculate the greatest common divisor of 62 and 992.
62
What is the highest common factor of 6240 and 195?
195
What is the greatest common divisor of 288 and 552?
24
What is the highest common factor of 464 and 29?
29
What is the highest common factor of 99 and 16137?
99
What is the highest common divisor of 351 and 78?
39
Calculate the greatest common factor of 92 and 989.
23
Calculate the greatest common factor of 85 and 51.
17
Calculate the greatest common factor of 364 and 1414.
14
What is the greatest common factor of 244 and 2?
2
Calculate the highest common divisor of 108 and 918.
54
Calculate the greatest common factor of 258 and 344.
86
Calculate the highest common factor of 1189 and 943.
41
Calculate the greatest common divisor of 15 and 10.
5
Calculate the highest common divisor of 55 and 22.
11
What is the highest common factor of 6303 and 33?
33
What is the greatest common factor of 2 and 22?
2
What is the greatest common divisor of 312 and 2028?
156
Calculate the greatest common factor of 69 and 1518.
69
What is the greatest common divisor of 1890 and 15?
15
Calculate the highest common divisor of 290 and 87.
29
What is the highest common factor of 15164 and 204?
68
Calculate the greatest common factor of 6 and 93.
3
Calculate the greatest common divisor of 4108 and 395.
79
What is the greatest common divisor of 15 and 12?
3
Calculate the highest common factor of 8582 and 14.
14
What is the greatest common divisor of 36 and 486?
18
Calculate the greatest common divisor of 130 and 540.
10
What is the greatest common divisor of 17475 and 50?
25
Calculate the greatest common factor of 1043 and 298.
149
Calculate the highest common divisor of 50 and 150.
50
Calculate the greatest common factor of 56 and 21.
7
What is the greatest common divisor of 1593 and 118?
59
What is the greatest common divisor of 648 and 72?
72
Calculate the greatest common divisor of 32 and 1368.
8
Calculate the highest common factor of 14 and 14.
14
Calculate the highest common divisor of 2240 and 3280.
80
What is the greatest common divisor of 2232 and 576?
72
Calculate the greatest common factor of 5043 and 41.
41
What is the highest common divisor of 8 and 148?
4
Calculate the greatest common factor of 126 and 1062.
18
What is the highest common divisor of 705 and 735?
15
What is the highest common divisor of 102 and 42?
6
Calculate the highest common divisor of 4979 and 13.
13
Calculate the greatest common divisor of 528 and 240.
48
What is the greatest common factor of 590 and 80?
10
Calculate the highest common factor of 500 and 20250.
250
What is the highest common factor of 243 and 297?
27
What is the greatest common factor of 147 and 3?
3
Calculate the greatest common factor of 4154 and 186.
62
What is the highest common divisor of 437 and 893?
19
Calculate the highest common divisor of 468 and 6.
6
What is the highest common factor of 32 and 1096?
8
Calculate the greatest common divisor of 1620 and 340.
20
What is the greatest common factor of 679 and 7?
7
Calculate the greatest common divisor of 666 and 369.
9
What is the greatest common factor of 225 and 25?
25
What is the highest common divisor of 32 and 9368?
8
Calculate the greatest common divisor of 1071 and 765.
153
What is the greatest common factor of 1408 and 44?
44
Calculate the greatest common divisor of 84 and 7028.
28
What is the highest common divisor of 1814 and 2?
2
Calculate the highest common divisor of 68 and 1292.
68
What is the highest common factor of 1560 and 600?
120
Calculate the greatest common divisor of 7 and 427.
7
What is the highest common divisor of 963 and 36?
9
Calculate the highest common factor of 336 and 1071.
21
Calculate the highest common factor of 30 and 130.
10
What is the highest common factor of 621 and 108?
27
Calculate the greatest common factor of 614 and 2.
2
What is the greatest common divisor of 13 and 8?
1
Calculate the highest common divisor of 2840 and 80.
40
Calculate the highest common divisor of 5911 and 529.
23
Calculate the highest common factor of 335 and 70.
5
Calculate the greatest common factor of 22 and 6886.
22
Calculate the greatest common divisor of 162 and 2718.
18
What is the greatest common factor of 9065 and 1225?
245
What is the highest common factor of 154 and 4202?
22
What is the greatest common factor of 66 and 44?
22
What is the greatest common divisor of 280 and 35?
35
What is the highest common divisor of 279 and 155?
31
Calculate the greatest common divisor of 370 and 555.
185
What is the greatest common divisor of 13135 and 213?
71
What is the highest common factor of 6 and 228?
6
What is the greatest common divisor of 1184 and 64?
32
What is the greatest common factor of 893 and 188?
47
What is the greatest common factor of 528 and 48?
48
Calculate the greatest common factor of 192 and 2424.
24
Calculate the highest common divisor of 2501 and 779.
41
What is the highest common factor of 66 and 242?
22
What is the highest common divisor of 1050 and 375?
75
Calculate the highest common divisor of 4380 and 60.
60
Calculate the greatest common factor of 312 and 1768.
104
Calculate the highest common divisor of 21 and 224.
7
What is the highest common factor of 189 and 35?
7
Calculate the highest common factor of 135 and 189.
27
Calculate the greatest common factor of 27 and 90.
9
Calculate the highest common factor of 68 and 85.
17
What is the highest common divisor of 203 and 145?
29
Calculate the greatest common factor of 26 and 260.
26
Calculate the highest common factor of 8 and 40.
8
What is the greatest common factor of 41 and 11439?
41
What is the highest common factor of 185 and 17?
1
Calculate the greatest common factor of 2629 and 11.
11
What is the highest common divisor of 18 and 28305?
9
Calculate the greatest common divisor of 13 and 169.
13
Calculate the greatest common divisor of 115 and 7682.
23
Calculate the greatest common factor of 378 and 14.
14
Calculate the highest common factor of 52 and 500.
4
Calculate the highest common factor of 147 and 1743.
21
What is the highest common factor of 819 and 39?
39
What is the greatest common divisor of 1041 and 11798?
347
Calculate the highest common factor of 7680 and 80.
80
What is the greatest common factor of 10 and 35270?
10
What is the greatest common factor of 15 and 69?
3
What is the greatest common factor